termine f(a).
-9
Let l(u) = -5*u + 11*u + 0*u - 2*u**3 + 2*u**2 - 5*u - 2 + 3*u**3. Calculate l(2).
16
Let t(b) = 2*b + 5. Let c(j) = -j**2 - 3*j + 3. Let y be c(-4). Let v be y - (3 + -5 + 0). Let i be (-6)/(-2) - (8 - v). Determine t(i).
-3
Let y = -94 - -96. Let u(b) = -4*b + 4. Give u(y).
-4
Let m(d) = d**2 + 7*d - 6. Suppose -2*r = r - 12. Suppose -3*p = -r*p - 7. Give m(p).
-6
Let o(a) = -5*a**2 + 1. Let r be o(2). Let x = r - -17. Let p be ((-16)/(-4) + x)/2. Let h(k) = 4*k. Determine h(p).
4
Let j be -1 - (-11 - -10) - (-7)/(-1). Let x(o) = -2*o - 14. Give x(j).
0
Let x(f) = -f**3 - 19*f**2 - 18*f - 344. Let m be x(-19). Let y(z) = -6*z. Calculate y(m).
12
Let p(i) = -i**3 + 13*i**2 - 27*i + 5 + 10 + 14*i - 2. Calculate p(12).
1
Let k(h) = h**2 + 82*h + 8. Let j(y) = 12*y + 1. Let g(b) = 6*j(b) - k(b). Give g(-7).
19
Let i(l) = 3*l - 34. Let y(j) = 2*j - 17. Let c(x) = 4*i(x) - 7*y(x). Let g be c(-12). Let t(p) = -p**2 + 6*p + 9. Calculate t(g).
2
Suppose 2*h - 6*h = 5*l - 41, 2*l - 3*h + 2 = 0. Let t(k) = -3*k - 12. Let x(o) = o + 1. Let q(c) = t(c) + 6*x(c). Calculate q(l).
9
Let z(f) = -f**3 + 5*f**2 - f - 1. Let j be 1/(-6) + 74/12. Suppose j*m = 8*m - 8. Calculate z(m).
11
Suppose 4*b = q - 17, q - 5*b = -4*q + 40. Let m(c) = 1. Let f(p) be the first derivative of -p**2/2 + p + 103. Let d(v) = q*f(v) - 5*m(v). Give d(1).
-5
Suppose 5*v - 6 + 1 = 0. Let p be 0 - v - (2 + -1). Let i(y) = y**3 - 2*y**2 + 6*y + 4. Let b(k) = k**3 + k + 1. Let l(o) = -4*b(o) + i(o). Determine l(p).
12
Let w(c) = -c**3 - 11*c**2 - 16*c + 4. Let b = -273 + 264. Determine w(b).
-14
Let y(u) = -58*u + 14. Let c(f) = 27*f - 7. Let k(m) = 13*c(m) + 6*y(m). Determine k(4).
5
Let l(a) be the first derivative of a**5/60 - a**4/8 + 13*a**3/3 - 35. Let r(i) be the third derivative of l(i). What is r(-3)?
-9
Let t(v) = 2*v**3 + 12*v**2 - 2. Let j be t(-6). Let n(l) be the third derivative of l**5/30 + l**4/12 - l**3/6 - 2*l**2. Give n(j).
3
Let r(x) = x**3 - 10*x**2 - 12*x + 13. Let z be r(11). Let n(k) = -k**2 + 5*k - 1. Let h be n(z). Let g(s) = -s**2 - h*s + 2*s - s - 5*s - 5. What is g(-7)?
9
Let q(t) = -t. Let j be (-8)/(-7) - (-9)/(-63). Let x be 24/4 + j + -4. Let h be (-28)/(-7) + 3/x. Determine q(h).
-5
Let t(w) = -w**3 + 2*w**2 + 3*w - 4. Let v be t(2). Let z be -9 - (0 - (v + 1)). Let c(j) = 2*j**2 + 8*j - 4. Give c(z).
20
Let x(o) = -5*o**2 + 5*o + 1. Let v(q) = 2*q**2 + q. Let i(r) = 5*v(r) - x(r). Let d = 13 - 14. Calculate i(d).
14
Let f(l) = l**3 + 6*l**2 - 6*l - 31. Let s be f(-6). Let u(d) = 5*d + s*d**3 - 19 + d**2 - 8*d**2 + 21 - 4*d**3. What is u(5)?
-23
Let m(y) = -2*y + 31. Suppose 29 + 31 = 5*q. Calculate m(q).
7
Let v(o) = -2*o**2 + 3*o + 3. Suppose -5*t + 4*p = -8, 3*t = 5*t + 3*p + 6. Let d(x) = -x**2 - 3 + t + 2. Let w(n) = 3*d(n) - v(n). Calculate w(-5).
-16
Let o = 24 - 14. Let s = -169 + 179. Let z = o - s. Let n(g) = g**3 + g**2 + g + 3. Calculate n(z).
3
Let s = -24 + 27. Let f(h) = -s - 8 + 15 + 4*h - 5. Determine f(3).
11
Suppose -19 + 23 = l, 4*n + 16 = -2*l. Let z(c) = c - 1. Let b(h) be the first derivative of 3*h**2 - 16*h - 1. Let s(k) = b(k) - 8*z(k). Calculate s(n).
4
Let l be 8/(-4) + -4 + -2. Let w be (l + 14)*(-6)/(-4). Suppose r - 2*x + w = -1, -4*r + 4 = 3*x. Let f(u) = -u. Calculate f(r).
2
Let t(n) = -31*n**3 - 3*n**2 - 3*n + 3. Let d(o) = 10*o**3 + o**2 + o - 1. Let p(a) = 8*d(a) + 3*t(a). What is p(1)?
-14
Let n be (-2 - -3)*(-1 + 11). Suppose -n*v = -6*v + 80. Let i = -22 - v. Let p(c) = c**3 + 2*c**2 + 3*c + 3. What is p(i)?
-3
Let y(g) be the first derivative of 9*g**2/2 + 34*g - 7. Let f be y(-4). Let c(i) be the first derivative of i**3/3 + i**2 + 2*i + 1. Calculate c(f).
2
Let g(n) = 17*n**2 + 16*n - 10. Let m(a) = -6*a**2 - 6*a + 3. Let o(y) = 4*g(y) + 11*m(y). Calculate o(-2).
5
Let p(t) be the first derivative of t**2/2 + 5*t - 79. Let g(s) be the first derivative of s**3/3 - 3*s**2 + 5*s + 2. Let n be g(5). Give p(n).
5
Let b(l) = 7*l + 1. Suppose -24 = -4*o - 2*s, 5*o - 4*s - 1 - 3 = 0. Determine b(o).
29
Let u(m) = m**2 - 19*m + 39. Let v be u(17). Let g(f) = 2*f - 10. Determine g(v).
0
Let t(r) = -8*r + 1. Let y = 148 + -142. Let p(f) = -7*f**3 + f**2 + 2*f + 1. Let x be p(-1). Suppose -c - y = -x*c. What is t(c)?
-7
Let g(l) be the second derivative of l**5/20 + l**4/4 + l**3/6 + l. What is g(-4)?
-20
Let z(i) = 5*i**3 + i + 1. Let o = -53 - -60. Suppose -8*l = o + 1. What is z(l)?
-5
Let t be 0 + (-3)/(-3)*2. Let a(h) = 4*h**2 + 4*h**2 - h**3 + 4 - t*h**2. Suppose 12*n - 17*n + 30 = 0. What is a(n)?
4
Suppose -4*n = -2*n + 2*k + 8, 5*n + k + 12 = 0. Let h(m) = -m**3 - 4*m**2 - 2*m + 1. Give h(n).
-3
Suppose 2*l = 4*z + 2, 2*l + 14*z - 16*z = 2. Let b(g) = 13*g - 2. What is b(l)?
11
Let h(v) = -v**3 - v**2 + 9*v + 16. Let o(r) = r**2 + 2. Let y(w) = h(w) - 6*o(w). Determine y(-8).
-4
Let i(a) be the third derivative of -a**4/12 + a**3/3 - 169*a**2 + a. Determine i(-3).
8
Let k = -16 + 13. Let g(b) be the second derivative of b**6/360 + b**5/60 + b**4/6 - 5*b. Let a(u) be the third derivative of g(u). What is a(k)?
-4
Suppose -13 - 17 = -5*o. Let c be 16/o*(-6)/(-4). Let w(u) = -5*u - 10 + 7*u - 3 + 9. What is w(c)?
4
Let q(c) = 6*c**3 - 2*c**2 + 1. Let s = 358 - 357. What is q(s)?
5
Let b(o) = -o**2 - 2*o + 2. Let g(w) = 6*w**2 + 9*w - 10. Let j(c) = -4*b(c) - g(c). Calculate j(2).
-8
Suppose 5*s + 4*v = -12 - 35, s + 13 = -2*v. Let b = s + 3. Let q be 0 + b*(-3)/4. Let h(n) = -n**3 + 4*n**2 - 2*n - 1. Calculate h(q).
2
Let l(i) = -1. Let q(y) = -2*y - 15. Let u(z) = 4*l(z) - q(z). Calculate u(-6).
-1
Let c(k) be the second derivative of 1/20*k**5 - 2*k**3 + 9/2*k**2 - 3/4*k**4 + 9*k + 0. What is c(10)?
-11
Let b be (-156)/(-11) - (-4)/(-22). Let z = b - 14. Let v(r) be the first derivative of -r**4/4 + r**2/2 - 3*r - 2. Determine v(z).
-3
Let u(k) be the first derivative of -k**4/4 - 5*k**3/3 - k**2/2 + 3*k - 156. What is u(-5)?
8
Let y(p) = p**2 + 10*p + 3. Let l be (14/(-10))/((14/10)/7). What is y(l)?
-18
Let r(y) = 1 + y**3 + y - 3803*y**2 + 3801*y**2 + y. Determine r(2).
5
Let m(j) = j**3 + 5*j**2 + j + 3. Let h be m(-5). Let y(v) = 245 - 123 + v - 124. Give y(h).
-4
Let n(f) be the third derivative of 0 + 1/120*f**6 + 0*f + 3*f**2 - 1/6*f**4 + 1/15*f**5 + 1/2*f**3. Determine n(2).
19
Let d(s) = -s**3 + 4*s**2 + s - 3. Let v be d(4). Let i(y) be the third derivative of 11*y**5/30 + y**4/24 - y**3/6 + 18*y**2 - 2*y. Determine i(v).
22
Let d(z) = -4*z + 8*z - 2*z - z. What is d(5)?
5
Let k(a) = a**2 + 5*a - 3. Let r(j) = j**2 + 4*j - 4. Let b(m) = -7*k(m) + 6*r(m). Calculate b(-11).
-3
Let y = 7 + -1. Suppose s - y = -s. Let z(n) = 2*n**2 + 7*n - 17. Let f(c) = c**2 + 5*c - 11. Let k(b) = -8*f(b) + 5*z(b). Determine k(s).
6
Let y(o) = -o**3 + 8*o**2 - 7*o + 6. Let f be y(7). Let u(q) = -q**2 + 8*q - 9. Let c be u(f). Let h(n) = 3*n - 2*n + 2 + c + 1. Give h(0).
6
Let c(u) = -49*u**3 + 1 - u**2 + u**2 + 44*u**3. Let j be ((-7)/(-3) - 1) + (-1)/3. Determine c(j).
-4
Let q be 15 + -2 - (6 + -10). Let v = q + -17. Let t(z) = -z**3 - z**2 + 6. What is t(v)?
6
Let u(k) be the first derivative of 9*k**4/4 - k - 3. Let c be (-4 - -3 - 0)/1. What is u(c)?
-10
Let p(z) = -102*z - 99*z - 108*z + 312*z - 12 + 2*z**2 - z**2. Determine p(-5).
-2
Let o(p) be the second derivative of p**4/6 - p**3/2 + 5*p**2 - 10*p. Let h(m) be the first derivative of o(m). What is h(2)?
5
Let i(k) = -k**3 + 56 - 150 + 49 - k + 53 + 8*k**2. Determine i(8).
0
Let d = 15 - 9. Let w(v) = d*v - 13*v + 6*v. Let i be w(-4). Let p(o) = -o**3 + 5*o**2 - 3*o + 6. Calculate p(i).
10
Let t(a) = 6*a**2 + 40*a + 27*a - 66*a + 5 - a**3. Determine t(7).
-37
Let j(n) = -4 + 0*n**2 + 7539*n - n**2 - 7543*n + 0. What is j(-8)?
-36
Let s(u) be the first derivative of -7*u**3/3 - 6. Suppose -d + 0*d = 1. Determine s(d).
-7
Let u(r) be the third derivative of r**6/120 + r**5/12 - 19*r**4/24 - 11*r**3/2 + r**2 + 116*r. Give u(-7).
2
Suppose -2*i + 11 = -3*d, 5*d + 3*i = d - 26. Let y = 8 + d. Let n(k) = -6*k**3 + 4*k**3 - k**2 + 4*k**3 - 2 - k**y. What is n(0)?
-2
Let d(m) = 11*m**2 + 3*m + 1. Let w(u) = -2*u**2 - 1. Let k(z) = d(z) + 5*w(z). Determine k(-4).
0
Let u(y) = -11*y - 134. Let g be u(-12). Let c(r) = -2*r**3 - 3*r**2 - 3*r - 4. What 